{"id":17,"date":"2020-10-18T07:11:02","date_gmt":"2020-10-18T07:11:02","guid":{"rendered":"http:\/\/new.autotoldy.hu\/?page_id=17"},"modified":"2020-10-18T15:38:24","modified_gmt":"2020-10-18T15:38:24","slug":"rolunk","status":"publish","type":"page","link":"https:\/\/www.autotoldy.hu\/index.php\/rolunk\/","title":{"rendered":"R\u00f3lunk"},"content":{"rendered":"\n<p><strong><em>\u201eToldy t\u00f6rt\u00e9nelem\u201d<\/em><\/strong><br>Toldy Attila vagyok az Aut\u00f3-Toldy Center Kft. tulajdonosa \u00e9s \u00fcgyvezet\u0151 igazgat\u00f3ja.<br>T\u00f6bb \u00e9vtizedes tapasztalatommal szeretn\u00e9k az \u00d6n\u00f6k seg\u00edts\u00e9g\u00e9re lenni.<br>&nbsp;<br>K\u00e9rem, olvass\u00e1k el az al\u00e1bbi t\u00f6rt\u00e9nelmi \u00e1ttekint\u00e9st:<br>&nbsp;<br>1972-ban vizsg\u00e1ztam le, mint g\u00e9pj\u00e1rm\u0171jav\u00edt\u00f3 \u00e9s karossz\u00e9rialakatos mester.<br>A sikeres mestervizsg\u00e1m ut\u00e1n azonnal&nbsp;kisipari enged\u00e9lyt v\u00e1ltottam \u00e9s egy b\u00e9relt m\u0171helyben kezdtem meg az aut\u00f3szerel\u0151 \u00e9s karossz\u00e9rialakatosi tev\u00e9kenys\u00e9gemet.<br>1974-ben meg\u00e9p\u00edtettem saj\u00e1t \u00faj m\u0171helyemet Debrecenben a Mikep\u00e9rcsi \u00fat 160-162. alatt.<br>1986-ban N\u00e9metorsz\u00e1gba mentem, hogy szakmai \u00e9s \u00fczleti ismereteket, tapasztalatokat \u00e9s nyelvtud\u00e1st szerezzek, de ek\u00f6zben Debrecenben tov\u00e1bb m\u0171k\u00f6d\u00f6tt a kisipari m\u0171helyem.<br>1989-ben kib\u0151v\u00edtettem a tev\u00e9kenys\u00e9gemet aut\u00f3alkatr\u00e9sz kereskedelemmel.<br>A rendszerv\u00e1lt\u00e1skor lehet\u0151s\u00e9gem ny\u00edlt arra, hogy 1990-ben megalap\u00edtsam az Aut\u00f3-Toldy Center Kft-t.<br>A c\u00e9g az elk\u00f6vetkez\u0151 \u00e9vekben hatalmas fejl\u0151d\u00e9sen ment kereszt\u00fcl a n\u00f6vekv\u0151 ig\u00e9nyeknek \u00e9s az importnak k\u00f6sz\u00f6nhet\u0151en fellend\u00fclt a c\u00e9g nyugati aut\u00f3alkatr\u00e9sz kereskedelme.<br>1992.07.01-\u00e9n a c\u00e9gem leszerz\u0151d\u00f6tt a Mazda Motor Hungary-val \u00e9s l\u00e9trej\u00f6tt az els\u0151 debreceni Mazda aut\u00f3 m\u00e1rkak\u00e9pviselet.<br>18-\u00e9v! sikeres m\u0171k\u00f6d\u00e9s ut\u00e1n, a&nbsp; 2009-ben bek\u00f6sz\u00f6nt\u00f6tt gazdas\u00e1gi v\u00e1ls\u00e1g, a cs\u00f6kken\u0151 vev\u0151i \u00e9rdekl\u0151d\u00e9s \u00e9s a visszaes\u0151 v\u00e1s\u00e1rl\u00e1si kedv miatt, sajnos fenntarthatatlann\u00e1 v\u00e1lt a Mazda keresked\u00e9s.<br>Az a csal\u00e1di d\u00f6nt\u00e9s sz\u00fcletett, hogy 18 sikeres \u00e9v ut\u00e1n megsz\u00fcntett\u00fck a Mazda m\u00e1rka k\u00e9pviselet\u00e9t.<br>2009-ben 62 \u00e9ves koromban elvileg nyugd\u00edjba vonultam \u00e9s \u00e1tadtam a c\u00e9get a k\u00e9t fiamnak Ifj. Toldy Attil\u00e1nak \u00e9s Toldy Bal\u00e1zsnak. A fiaim g\u00e9pj\u00e1rm\u0171 technikus, aut\u00f3szerel\u0151 \u00e9s aut\u00f3 elektromos szakm\u00e1t tanultak, gyakorlatilag belen\u0151ttek a c\u00e9gbe, komoly szakmai tapasztalattal \u00e9s t\u00f6bb \u00e9ves gyakorlattal rendelkezve ir\u00e1ny\u00edtj\u00e1k szakmai fel\u00fcgyeletem mellett az Aut\u00f3-Toldy Center Kft-t.<br>Mivel a szakm\u0171hely \u00e9s minden \u00e9p\u00fclet j\u00f3l felszerelt szersz\u00e1mokkal \u00e9s&nbsp;<br>g\u00e9pi- diagnosztikai berendez\u00e9sekkel, ez\u00e9rt maradtam a mesters\u00e9g\u00fckn\u00e9l \u00e9s szerz\u0151d\u00e9st k\u00f6t\u00f6ttem az orsz\u00e1g \u00e9s az \u00e9szak-alf\u00f6ldi r\u00e9gi\u00f3 legnagyobb min\u0151s\u00e9gi alkatr\u00e9sz forgalmaz\u00f3j\u00e1val a B\u00e1rdi Aut\u00f3 Zrt-vel \u00e9s \u00edgy folytatom mind az aut\u00f3- alkatr\u00e9sz kereskedelmet, mind az aut\u00f3jav\u00edt\u00f3i tev\u00e9kenys\u00e9get.<br>Az aut\u00f3alkatr\u00e9szek egy r\u00e9sze azonnal rendelkez\u00e9sre \u00e1ll rakt\u00e1runkb\u00f3l.<br>A hossz\u00fa \u00e9vek alatt a nevem \u00f6sszefon\u00f3dott a Mazda m\u00e1rk\u00e1val teh\u00e1t tov\u00e1bbra is v\u00e1rom a r\u00e9gi \u00e9s \u00faj Mazda tulajdonosokat a szervizembe, de emellett b\u00e1rmilyen t\u00edpus\u00fa aut\u00f3 jav\u00edt\u00e1s\u00e1t, folyamatos ellen\u0151rz\u00e9s\u00e9t v\u00e1llaljuk kedvez\u0151 alkatr\u00e9sz \u00e1rakkal \u00e9s munkad\u00edjakkal.<br>&nbsp;<br>2012-ben ism\u00e9t elkezdtem aut\u00f3kereskedelemmel foglalkozni. V\u00e1llalom a r\u00e1m b\u00edzott haszn\u00e1lt aut\u00f3k bizom\u00e1nyos form\u00e1ban t\u00f6rt\u00e9n\u0151 \u00e9rt\u00e9kes\u00edt\u00e9s\u00e9t, de cser\u00e9vel \u00e9s k\u00e9szp\u00e9nzes haszn\u00e1ltaut\u00f3 v\u00e9tellel is foglalkozok.<\/p>\n\n\n\n<p><em>\u201eB\u00edzza r\u00e1nk aut\u00f3j\u00e1t, vagy vegyen n\u00e1lunk egy m\u00e1sikat!\u201d<\/em><br>Rem\u00e9lem, hogy hamarosan el\u00e9gedett \u00fcgyfeleim k\u00f6z\u00f6tt k\u00f6sz\u00f6nthetem!<br>&nbsp;<br>\u00dcdv\u00f6zlettel:<br>Toldy Attila<\/p>\n","protected":false},"excerpt":{"rendered":"<p>\u201eToldy t\u00f6rt\u00e9nelem\u201dToldy Attila vagyok az Aut\u00f3-Toldy Center Kft. tulajdonosa \u00e9s \u00fcgyvezet\u0151 igazgat\u00f3ja.T\u00f6bb \u00e9vtizedes tapasztalatommal szeretn\u00e9k az \u00d6n\u00f6k seg\u00edts\u00e9g\u00e9re lenni.&nbsp;K\u00e9rem, olvass\u00e1k el az al\u00e1bbi t\u00f6rt\u00e9nelmi \u00e1ttekint\u00e9st:&nbsp;1972-ban vizsg\u00e1ztam le, mint g\u00e9pj\u00e1rm\u0171jav\u00edt\u00f3 \u00e9s karossz\u00e9rialakatos mester.A sikeres mestervizsg\u00e1m ut\u00e1n azonnal&nbsp;kisipari enged\u00e9lyt v\u00e1ltottam \u00e9s egy b\u00e9relt m\u0171helyben kezdtem meg az aut\u00f3szerel\u0151 \u00e9s karossz\u00e9rialakatosi tev\u00e9kenys\u00e9gemet.1974-ben meg\u00e9p\u00edtettem saj\u00e1t \u00faj m\u0171helyemet Debrecenben a &hellip; <\/p>\n<p class=\"link-more\"><a href=\"https:\/\/www.autotoldy.hu\/index.php\/rolunk\/\" class=\"more-link\"><span class=\"screen-reader-text\">&#8222;R\u00f3lunk&#8221;<\/span> b\u0151vebben<\/a><\/p>\n","protected":false},"author":1,"featured_media":107,"parent":0,"menu_order":0,"comment_status":"closed","ping_status":"closed","template":"","meta":[],"_links":{"self":[{"href":"https:\/\/www.autotoldy.hu\/index.php\/wp-json\/wp\/v2\/pages\/17"}],"collection":[{"href":"https:\/\/www.autotoldy.hu\/index.php\/wp-json\/wp\/v2\/pages"}],"about":[{"href":"https:\/\/www.autotoldy.hu\/index.php\/wp-json\/wp\/v2\/types\/page"}],"author":[{"embeddable":true,"href":"https:\/\/www.autotoldy.hu\/index.php\/wp-json\/wp\/v2\/users\/1"}],"replies":[{"embeddable":true,"href":"https:\/\/www.autotoldy.hu\/index.php\/wp-json\/wp\/v2\/comments?post=17"}],"version-history":[{"count":2,"href":"https:\/\/www.autotoldy.hu\/index.php\/wp-json\/wp\/v2\/pages\/17\/revisions"}],"predecessor-version":[{"id":73,"href":"https:\/\/www.autotoldy.hu\/index.php\/wp-json\/wp\/v2\/pages\/17\/revisions\/73"}],"wp:featuredmedia":[{"embeddable":true,"href":"https:\/\/www.autotoldy.hu\/index.php\/wp-json\/wp\/v2\/media\/107"}],"wp:attachment":[{"href":"https:\/\/www.autotoldy.hu\/index.php\/wp-json\/wp\/v2\/media?parent=17"}],"curies":[{"name":"wp","href":"https:\/\/api.w.org\/{rel}","templated":true}]}}

Rólunk

<p><strong><em>„Toldy történelem”</em></strong><br>Toldy Attila vagyok az Autó-Toldy Center Kft. tulajdonosa és ügyvezető igazgatója.<br>Több évtizedes tapasztalatommal szeretnék az Önök segítségére lenni.<br>&nbsp;<br>Kérem, olvassák el az alábbi történelmi áttekintést:<br>&nbsp;<br>1972-ban vizsgáztam le, mint gépjárműjavító és karosszérialakatos mester.<br>A sikeres mestervizsgám után azonnal&nbsp;kisipari engedélyt váltottam és egy bérelt műhelyben kezdtem meg az autószerelő és karosszérialakatosi tevékenységemet.<br>1974-ben megépítettem saját új műhelyemet Debrecenben a Mikepércsi út 160-162. alatt.<br>1986-ban Németországba mentem, hogy szakmai és üzleti ismereteket, tapasztalatokat és nyelvtudást szerezzek, de eközben Debrecenben tovább működött a kisipari műhelyem.<br>1989-ben kibővítettem a tevékenységemet autóalkatrész kereskedelemmel.<br>A rendszerváltáskor lehetőségem nyílt arra, hogy 1990-ben megalapítsam az Autó-Toldy Center Kft-t.<br>A cég az elkövetkező években hatalmas fejlődésen ment keresztül a növekvő igényeknek és az importnak köszönhetően fellendült a cég nyugati autóalkatrész kereskedelme.<br>1992.07.01-én a cégem leszerződött a Mazda Motor Hungary-val és létrejött az első debreceni Mazda autó márkaképviselet.<br>18-év! sikeres működés után, a&nbsp; 2009-ben beköszöntött gazdasági válság, a csökkenő vevői érdeklődés és a visszaeső vásárlási kedv miatt, sajnos fenntarthatatlanná vált a Mazda kereskedés.<br>Az a családi döntés született, hogy 18 sikeres év után megszüntettük a Mazda márka képviseletét.<br>2009-ben 62 éves koromban elvileg nyugdíjba vonultam és átadtam a céget a két fiamnak Ifj. Toldy Attilának és Toldy Balázsnak. A fiaim gépjármű technikus, autószerelő és autó elektromos szakmát tanultak, gyakorlatilag belenőttek a cégbe, komoly szakmai tapasztalattal és több éves gyakorlattal rendelkezve irányítják szakmai felügyeletem mellett az Autó-Toldy Center Kft-t.<br>Mivel a szakműhely és minden épület jól felszerelt szerszámokkal és&nbsp;<br>gépi- diagnosztikai berendezésekkel, ezért maradtam a mesterségüknél és szerződést kötöttem az ország és az észak-alföldi régió legnagyobb minőségi alkatrész forgalmazójával a Bárdi Autó Zrt-vel és így folytatom mind az autó- alkatrész kereskedelmet, mind az autójavítói tevékenységet.<br>Az autóalkatrészek egy része azonnal rendelkezésre áll raktárunkból.<br>A hosszú évek alatt a nevem összefonódott a Mazda márkával tehát továbbra is várom a régi és új Mazda tulajdonosokat a szervizembe, de emellett bármilyen típusú autó javítását, folyamatos ellenőrzését vállaljuk kedvező alkatrész árakkal és munkadíjakkal.<br>&nbsp;<br>2012-ben ismét elkezdtem autókereskedelemmel foglalkozni. Vállalom a rám bízott használt autók bizományos formában történő értékesítését, de cserével és készpénzes használtautó vétellel is foglalkozok.</p>



<p><em>„Bízza ránk autóját, vagy vegyen nálunk egy másikat!”</em><br>Remélem, hogy hamarosan elégedett ügyfeleim között köszönthetem!<br>&nbsp;<br>Üdvözlettel:<br>Toldy Attila</p>

<p>„Toldy történelem”Toldy Attila vagyok az Autó-Toldy Center Kft. tulajdonosa és ügyvezető igazgatója.Több évtizedes tapasztalatommal szeretnék az Önök segítségére lenni.&nbsp;Kérem, olvassák el az alábbi történelmi áttekintést:&nbsp;1972-ban vizsgáztam le, mint gépjárműjavító és karosszérialakatos mester.A sikeres mestervizsgám után azonnal&nbsp;kisipari engedélyt váltottam és egy bérelt műhelyben kezdtem meg az autószerelő és karosszérialakatosi tevékenységemet.1974-ben megépítettem saját új műhelyemet Debrecenben a &hellip; </p>
<p class="link-more"><a href="https://www.autotoldy.hu/index.php/rolunk/" class="more-link"><span class="screen-reader-text">&#8222;Rólunk&#8221;</span> bővebben</a></p>
